[INFO] cloning repository https://github.com/segura2010/Rust-NeuralNet-IC
[INFO] running `Command { std: "git" "-c" "credential.helper=" "-c" "credential.helper=/workspace/cargo-home/bin/git-credential-null" "clone" "--bare" "https://github.com/segura2010/Rust-NeuralNet-IC" "/workspace/cache/git-repos/https%3A%2F%2Fgithub.com%2Fsegura2010%2FRust-NeuralNet-IC", kill_on_drop: false }`
[INFO] [stderr] Cloning into bare repository '/workspace/cache/git-repos/https%3A%2F%2Fgithub.com%2Fsegura2010%2FRust-NeuralNet-IC'...
[INFO] running `Command { std: "git" "rev-parse" "HEAD", kill_on_drop: false }`
[INFO] [stdout] 83b550e0ba13670dcae19ea5b998eede7448edb8
[INFO] checking segura2010/Rust-NeuralNet-IC against try#72f88fc4e9458f89516a0b8b0868f3718aec5b47 for pr-74989
[INFO] running `Command { std: "git" "clone" "/workspace/cache/git-repos/https%3A%2F%2Fgithub.com%2Fsegura2010%2FRust-NeuralNet-IC" "/workspace/builds/worker-8/source", kill_on_drop: false }`
[INFO] [stderr] Cloning into '/workspace/builds/worker-8/source'...
[INFO] [stderr] done.
[INFO] validating manifest of git repo https://github.com/segura2010/Rust-NeuralNet-IC on toolchain 72f88fc4e9458f89516a0b8b0868f3718aec5b47
[INFO] running `Command { std: "/workspace/cargo-home/bin/cargo" "+72f88fc4e9458f89516a0b8b0868f3718aec5b47" "read-manifest" "--manifest-path" "Cargo.toml", kill_on_drop: false }`
[INFO] started tweaking git repo https://github.com/segura2010/Rust-NeuralNet-IC
[INFO] finished tweaking git repo https://github.com/segura2010/Rust-NeuralNet-IC
[INFO] tweaked toml for git repo https://github.com/segura2010/Rust-NeuralNet-IC written to /workspace/builds/worker-8/source/Cargo.toml
[INFO] crate git repo https://github.com/segura2010/Rust-NeuralNet-IC already has a lockfile, it will not be regenerated
[INFO] running `Command { std: "/workspace/cargo-home/bin/cargo" "+72f88fc4e9458f89516a0b8b0868f3718aec5b47" "fetch" "--locked" "--manifest-path" "Cargo.toml", kill_on_drop: false }`
[INFO] [stderr] error: the lock file /workspace/builds/worker-8/source/Cargo.lock needs to be updated but --locked was passed to prevent this
[INFO] [stderr] If you want to try to generate the lock file without accessing the network, use the --offline flag.
[INFO] the lockfile is outdated, regenerating it
[INFO] running `Command { std: "/workspace/cargo-home/bin/cargo" "+72f88fc4e9458f89516a0b8b0868f3718aec5b47" "generate-lockfile" "--manifest-path" "Cargo.toml" "-Zno-index-update", kill_on_drop: false }`
[INFO] running `Command { std: "/workspace/cargo-home/bin/cargo" "+72f88fc4e9458f89516a0b8b0868f3718aec5b47" "fetch" "--locked" "--manifest-path" "Cargo.toml", kill_on_drop: false }`
[INFO] running `Command { std: "docker" "create" "-v" "/var/lib/crater-agent-workspace/builds/worker-8/target:/opt/rustwide/target:rw,Z" "-v" "/var/lib/crater-agent-workspace/builds/worker-8/source:/opt/rustwide/workdir:ro,Z" "-v" "/var/lib/crater-agent-workspace/cargo-home:/opt/rustwide/cargo-home:ro,Z" "-v" "/var/lib/crater-agent-workspace/rustup-home:/opt/rustwide/rustup-home:ro,Z" "-e" "SOURCE_DIR=/opt/rustwide/workdir" "-e" "CARGO_TARGET_DIR=/opt/rustwide/target" "-e" "CARGO_HOME=/opt/rustwide/cargo-home" "-e" "RUSTUP_HOME=/opt/rustwide/rustup-home" "-w" "/opt/rustwide/workdir" "-m" "1610612736" "--user" "0:0" "--network" "none" "rustops/crates-build-env@sha256:d92eaeed33fa75130ca1ee6c8a01d1ffb62bac859dfdfb3450e3e5d1c0146529" "/opt/rustwide/cargo-home/bin/cargo" "+72f88fc4e9458f89516a0b8b0868f3718aec5b47" "metadata" "--no-deps" "--format-version=1", kill_on_drop: false }`
[INFO] [stdout] 7eab51f3f86db6c998346ed5fb169131b2bfd6935764c7fb3e30a1a76417f9bb
[INFO] [stderr] WARNING: Your kernel does not support swap limit capabilities or the cgroup is not mounted. Memory limited without swap.
[INFO] running `Command { std: "docker" "start" "-a" "7eab51f3f86db6c998346ed5fb169131b2bfd6935764c7fb3e30a1a76417f9bb", kill_on_drop: false }`
[INFO] running `Command { std: "docker" "inspect" "7eab51f3f86db6c998346ed5fb169131b2bfd6935764c7fb3e30a1a76417f9bb", kill_on_drop: false }`
[INFO] running `Command { std: "docker" "rm" "-f" "7eab51f3f86db6c998346ed5fb169131b2bfd6935764c7fb3e30a1a76417f9bb", kill_on_drop: false }`
[INFO] [stdout] 7eab51f3f86db6c998346ed5fb169131b2bfd6935764c7fb3e30a1a76417f9bb
[INFO] running `Command { std: "docker" "create" "-v" "/var/lib/crater-agent-workspace/builds/worker-8/target:/opt/rustwide/target:rw,Z" "-v" "/var/lib/crater-agent-workspace/builds/worker-8/source:/opt/rustwide/workdir:ro,Z" "-v" "/var/lib/crater-agent-workspace/cargo-home:/opt/rustwide/cargo-home:ro,Z" "-v" "/var/lib/crater-agent-workspace/rustup-home:/opt/rustwide/rustup-home:ro,Z" "-e" "SOURCE_DIR=/opt/rustwide/workdir" "-e" "CARGO_TARGET_DIR=/opt/rustwide/target" "-e" "CARGO_INCREMENTAL=0" "-e" "RUST_BACKTRACE=full" "-e" "RUSTFLAGS=--cap-lints=forbid" "-e" "CARGO_HOME=/opt/rustwide/cargo-home" "-e" "RUSTUP_HOME=/opt/rustwide/rustup-home" "-w" "/opt/rustwide/workdir" "-m" "1610612736" "--user" "0:0" "--network" "none" "rustops/crates-build-env@sha256:d92eaeed33fa75130ca1ee6c8a01d1ffb62bac859dfdfb3450e3e5d1c0146529" "/opt/rustwide/cargo-home/bin/cargo" "+72f88fc4e9458f89516a0b8b0868f3718aec5b47" "check" "--frozen" "--all" "--all-targets" "--message-format=json", kill_on_drop: false }`
[INFO] [stdout] a8d8b9db71abbc512b8094fc04bf0bed0a94767679d47626d68e450d3bbd3884
[INFO] [stderr] WARNING: Your kernel does not support swap limit capabilities or the cgroup is not mounted. Memory limited without swap.
[INFO] running `Command { std: "docker" "start" "-a" "a8d8b9db71abbc512b8094fc04bf0bed0a94767679d47626d68e450d3bbd3884", kill_on_drop: false }`
[INFO] [stderr]     Blocking waiting for file lock on package cache
[INFO] [stderr]    Compiling libc v0.2.77
[INFO] [stderr]     Checking cfg-if v0.1.10
[INFO] [stderr]     Checking getrandom v0.1.15
[INFO] [stderr]     Checking rand_core v0.5.1
[INFO] [stderr]     Checking rand_chacha v0.2.2
[INFO] [stderr]     Checking rand v0.7.3
[INFO] [stderr]     Checking redneuronal v0.0.1 (/opt/rustwide/workdir)
[INFO] [stdout] error[E0433]: failed to resolve: could not find `IsaacRng` in `rand`
[INFO] [stdout]    --> src/main.rs:656:22
[INFO] [stdout]     |
[INFO] [stdout] 656 |     let mut rng = rand::IsaacRng::new_unseeded();
[INFO] [stdout]     |                         ^^^^^^^^ could not find `IsaacRng` in `rand`
[INFO] [stdout] 
[INFO] [stdout] 
[INFO] [stdout] error[E0433]: failed to resolve: could not find `IsaacRng` in `rand`
[INFO] [stdout]    --> src/main.rs:656:22
[INFO] [stdout]     |
[INFO] [stdout] 656 |     let mut rng = rand::IsaacRng::new_unseeded();
[INFO] [stdout]     |                         ^^^^^^^^ could not find `IsaacRng` in `rand`
[INFO] [stdout] 
[INFO] [stdout] 
[INFO] [stdout] error[E0277]: the trait bound `usize: Neg` is not satisfied
[INFO] [stdout]    --> src/main.rs:484:34
[INFO] [stdout]     |
[INFO] [stdout] 484 |                 let mut pesoAnterior = -1;
[INFO] [stdout]     |                                        ^^ the trait `Neg` is not implemented for `usize`
[INFO] [stdout] 
[INFO] [stdout] 
[INFO] [stdout] error[E0277]: the trait bound `usize: Neg` is not satisfied
[INFO] [stdout]    --> src/main.rs:484:34
[INFO] [stdout]     |
[INFO] [stdout] 484 |                 let mut pesoAnterior = -1;
[INFO] [stdout]     |                                        ^^ the trait `Neg` is not implemented for `usize`
[INFO] [stdout] 
[INFO] [stdout] 
[INFO] [stdout] error: aborting due to 2 previous errors
[INFO] [stdout] 
[INFO] [stdout] 
[INFO] [stdout] Some errors have detailed explanations: E0277, E0433.
[INFO] [stdout] 
[INFO] [stdout] For more information about an error, try `rustc --explain E0277`.
[INFO] [stdout] 
[INFO] [stderr] error: could not compile `redneuronal`.
[INFO] [stderr] 
[INFO] [stderr] To learn more, run the command again with --verbose.
[INFO] [stderr] warning: build failed, waiting for other jobs to finish...
[INFO] [stdout] error: aborting due to 2 previous errors
[INFO] [stdout] 
[INFO] [stdout] 
[INFO] [stdout] Some errors have detailed explanations: E0277, E0433.
[INFO] [stdout] 
[INFO] [stdout] For more information about an error, try `rustc --explain E0277`.
[INFO] [stdout] 
[INFO] [stderr] error: build failed
[INFO] running `Command { std: "docker" "inspect" "a8d8b9db71abbc512b8094fc04bf0bed0a94767679d47626d68e450d3bbd3884", kill_on_drop: false }`
[INFO] running `Command { std: "docker" "rm" "-f" "a8d8b9db71abbc512b8094fc04bf0bed0a94767679d47626d68e450d3bbd3884", kill_on_drop: false }`
[INFO] [stdout] a8d8b9db71abbc512b8094fc04bf0bed0a94767679d47626d68e450d3bbd3884
